{"id":498,"date":"2013-11-18T17:24:12","date_gmt":"2013-11-18T15:24:12","guid":{"rendered":"http:\/\/zwischendrin.ch\/home\/?page_id=498"},"modified":"2013-11-18T17:27:02","modified_gmt":"2013-11-18T15:27:02","slug":"vermittlung","status":"publish","type":"page","link":"https:\/\/zwischendrin.ch\/home\/angebot\/vermittlung\/","title":{"rendered":"Dialog mit dem Publikum: Vermittlung"},"content":{"rendered":"<h2><strong>Dialog mit dem Publikum<br \/>\n<\/strong><\/h2>\n<p>Durch Interaktion, Partizipation oder Kollaboration werden Ihre Besucherinnen und Kunden unterschiedlich eingebunden: Die direkten und pers\u00f6nlichen Erfahrungen, die durch ein vielf\u00e4ltiges Vermittlungsangebot erm\u00f6glicht werden, machen den Ausstellungsbesuch zum Erlebnis.<\/p>\n<p><a href=\"https:\/\/zwischendrin.ch\/home\/blog\/category\/vermittlung\/\">Referenzprojekte<\/a><\/p>\n<p>&nbsp;<\/p>\n<p>Aufbauend oder er\u00e4nzend biete ich Ihnen Dienstleistungen aus folgenden weiteren Bereichen an:<\/p>\n<p><a title=\"Ausstellungen \u2013 Dialog im Raum\" href=\"https:\/\/zwischendrin.ch\/home\/blog\/dialog-im-raum-ausstellungen\/\">Ausstellungen &#8211; Dialog im Raum<\/a><\/p>\n<p><a title=\"Beratung\" href=\"https:\/\/zwischendrin.ch\/home\/blog\/beratung\/\">Beratung &#8211; Dialog mit Kolleginnen und Kunden<\/a><\/p>\n<p><a title=\"Social Media \u2013 Dialog im Netz\" href=\"https:\/\/zwischendrin.ch\/home\/blog\/social-media-dialog-im-netz\/\">Social Media &#8211; Dialog im Netz<\/a><\/p>\n","protected":false},"excerpt":{"rendered":"<p>Dialog mit dem Publikum Durch Interaktion, Partizipation oder Kollaboration werden Ihre Besucherinnen und Kunden unterschiedlich eingebunden: Die direkten und pers\u00f6nlichen Erfahrungen, die durch ein vielf\u00e4ltiges Vermittlungsangebot erm\u00f6glicht werden, machen den Ausstellungsbesuch zum Erlebnis. Referenzprojekte &nbsp; Aufbauend oder er\u00e4nzend biete ich Ihnen Dienstleistungen aus folgenden weiteren Bereichen an: Ausstellungen &#8211; Dialog im Raum Beratung &#8211; Dialog [&hellip;]<\/p>\n","protected":false},"author":1,"featured_media":0,"parent":507,"menu_order":0,"comment_status":"open","ping_status":"closed","template":"","meta":{"footnotes":""},"_links":{"self":[{"href":"https:\/\/zwischendrin.ch\/home\/wp-json\/wp\/v2\/pages\/498"}],"collection":[{"href":"https:\/\/zwischendrin.ch\/home\/wp-json\/wp\/v2\/pages"}],"about":[{"href":"https:\/\/zwischendrin.ch\/home\/wp-json\/wp\/v2\/types\/page"}],"author":[{"embeddable":true,"href":"https:\/\/zwischendrin.ch\/home\/wp-json\/wp\/v2\/users\/1"}],"replies":[{"embeddable":true,"href":"https:\/\/zwischendrin.ch\/home\/wp-json\/wp\/v2\/comments?post=498"}],"version-history":[{"count":2,"href":"https:\/\/zwischendrin.ch\/home\/wp-json\/wp\/v2\/pages\/498\/revisions"}],"predecessor-version":[{"id":502,"href":"https:\/\/zwischendrin.ch\/home\/wp-json\/wp\/v2\/pages\/498\/revisions\/502"}],"up":[{"embeddable":true,"href":"https:\/\/zwischendrin.ch\/home\/wp-json\/wp\/v2\/pages\/507"}],"wp:attachment":[{"href":"https:\/\/zwischendrin.ch\/home\/wp-json\/wp\/v2\/media?parent=498"}],"curies":[{"name":"wp","href":"https:\/\/api.w.org\/{rel}","templated":true}]}}